{"id":41870,"date":"2014-04-10T15:59:02","date_gmt":"2014-04-10T15:59:02","guid":{"rendered":"https:\/\/2014.romania.wordcamp.org\/?page_id=41870"},"modified":"2014-06-17T10:55:57","modified_gmt":"2014-06-17T10:55:57","slug":"optiuni-de-cazare","status":"publish","type":"page","link":"https:\/\/romania.wordcamp.org\/2014\/locatia\/optiuni-de-cazare\/","title":{"rendered":"Op\u021biuni de cazare"},"content":{"rendered":"<p>Loca\u0163ii recomandate:<\/p>\n<p><a href=\"http:\/\/www.hostel-costel.ro\/\" rel=\"nofollow\"><img loading=\"lazy\" decoding=\"async\" src=\"https:\/\/2014.romania.wordcamp.org\/files\/2014\/04\/HostelCostel_logo-300x198.jpg\" alt=\"Hostel Costel\" width=\"300\" height=\"198\" class=\"aligncenter size-medium wp-image-68977\" srcset=\"https:\/\/romania.wordcamp.org\/2014\/files\/2014\/04\/HostelCostel_logo-300x198.jpg 300w, https:\/\/romania.wordcamp.org\/2014\/files\/2014\/04\/HostelCostel_logo-1024x679.jpg 1024w, https:\/\/romania.wordcamp.org\/2014\/files\/2014\/04\/HostelCostel_logo-452x300.jpg 452w, https:\/\/romania.wordcamp.org\/2014\/files\/2014\/04\/HostelCostel_logo.jpg 1027w\" sizes=\"auto, (max-width: 300px) 100vw, 300px\" \/><\/a><br \/>\n<a href=\"http:\/\/www.hostel-costel.ro\/\" rel=\"nofollow\">Hostel Costel<\/a> &#8211; 10% discount dac\u0103 la rezervare men\u0163iona\u0163i WordCamp Rom\u00e2nia 2014<\/p>\n<p><a href=\"http:\/\/pensiuneapark.ro\/\"><img loading=\"lazy\" decoding=\"async\" src=\"https:\/\/2014.romania.wordcamp.org\/files\/2014\/04\/Pensiunea-Park.png\" alt=\"Pensiunea Park\" width=\"170\" height=\"165\" class=\"aligncenter size-full wp-image-69491\" \/><\/a> <a href=\"http:\/\/pensiuneapark.ro\/\">Pensiunea Park<\/a><\/p>\n","protected":false},"excerpt":{"rendered":"<p>Loca\u0163ii recomandate: Hostel Costel &#8211; 10% discount dac\u0103 la rezervare men\u0163iona\u0163i WordCamp Rom\u00e2nia 2014 Pensiunea Park<\/p>\n","protected":false},"author":13723373,"featured_media":0,"parent":5,"menu_order":0,"comment_status":"closed","ping_status":"closed","template":"","meta":{"jetpack_post_was_ever_published":false,"footnotes":""},"class_list":["post-41870","page","type-page","status-publish","hentry"],"jetpack_sharing_enabled":true,"_links":{"self":[{"href":"https:\/\/romania.wordcamp.org\/2014\/wp-json\/wp\/v2\/pages\/41870","targetHints":{"allow":["GET"]}}],"collection":[{"href":"https:\/\/romania.wordcamp.org\/2014\/wp-json\/wp\/v2\/pages"}],"about":[{"href":"https:\/\/romania.wordcamp.org\/2014\/wp-json\/wp\/v2\/types\/page"}],"author":[{"embeddable":true,"href":"https:\/\/romania.wordcamp.org\/2014\/wp-json\/wp\/v2\/users\/13723373"}],"replies":[{"embeddable":true,"href":"https:\/\/romania.wordcamp.org\/2014\/wp-json\/wp\/v2\/comments?post=41870"}],"version-history":[{"count":15,"href":"https:\/\/romania.wordcamp.org\/2014\/wp-json\/wp\/v2\/pages\/41870\/revisions"}],"predecessor-version":[{"id":69496,"href":"https:\/\/romania.wordcamp.org\/2014\/wp-json\/wp\/v2\/pages\/41870\/revisions\/69496"}],"up":[{"embeddable":true,"href":"https:\/\/romania.wordcamp.org\/2014\/wp-json\/wp\/v2\/pages\/5"}],"wp:attachment":[{"href":"https:\/\/romania.wordcamp.org\/2014\/wp-json\/wp\/v2\/media?parent=41870"}],"curies":[{"name":"wp","href":"https:\/\/api.w.org\/{rel}","templated":true}]}}