{"id":4,"date":"2014-03-28T17:52:15","date_gmt":"2014-03-28T17:52:15","guid":{"rendered":"https:\/\/2014.romania.wordcamp.org\/sponsors\/"},"modified":"2014-05-08T06:29:19","modified_gmt":"2014-05-08T06:29:19","slug":"sponsori","status":"publish","type":"page","link":"https:\/\/romania.wordcamp.org\/2014\/sponsori\/","title":{"rendered":"Sponsori"},"content":{"rendered":"\n\t<div class=\"wcorg-sponsors\">\n\t\t\n\t\t\t<div class=\"wcorg-sponsor-level-wordcamp-strategic\">\n\t\t\t\t<h2>WordCamp Strategic<\/h2>\n\n\t\t\t\t\n\t\t\t\t\t<div id=\"wcorg-sponsor-37713\" class=\"wcorg-sponsor\">\n\t\t\t\t\t\t\t\t\t\t\t\t\t\t\t\t\t\t\t\t\t<h3>\n\t\t\t\t\t\t\t\t\tUniversitatea de Vest din Timisoara\t\t\t\t\t\t\t\t<\/h3>\n\t\t\t\t\t\t\t\t\t\t\t\t\t\n\t\t\t\t\t\t<div class=\"wcorg-sponsor-description\">\n\t\t\t\t\t\t\t\t\t\t\t\t\t\t\t\t\t\t\t\t\t\t\n\t\t\t\t\t\t\t\t\t\t\t\t\t\t\t<p align=\"center\"><a href=\"http:\/\/www.uvt.ro\/ro\/\" target=\"_blank\" rel=\"nofollow\"><img loading=\"lazy\" decoding=\"async\" src=\"https:\/\/2014.romania.wordcamp.org\/files\/2014\/04\/logo.26021301.png\" alt=\"Universitatea de Vest din Timisoara\" width=\"186\" height=\"39\" class=\"alignnone size-full wp-image-37717\" \/><\/a><\/p>\n<p><a href=\"http:\/\/www.uvt.ro\/ro\/\" target=\"_blank\" rel=\"nofollow\">Universitatea de Vest din Timisoara<\/a> este Sponsorul Strategic al WordCamp Rom\u00e2nia ce sponsorizeaz\u0103 prin oferirea amfiteatrului ADM din cadrul <a href=\"http:\/\/www.feaa.uvt.ro\" rel=\"nofollow\">FEAA<\/a>.  <\/p>\n\t\t\t\t\t\t\t\t\t\t\t\t\t<\/div>\n\t\t\t\t\t<\/div><!-- #sponsor -->\n\t\t\t\t\n\t\t\t\t\t<div id=\"wcorg-sponsor-69098\" class=\"wcorg-sponsor\">\n\t\t\t\t\t\t\t\t\t\t\t\t\t\t\t\t\t\t\t\t\t<h3>\n\t\t\t\t\t\t\t\t\tBEST Timisoara\t\t\t\t\t\t\t\t<\/h3>\n\t\t\t\t\t\t\t\t\t\t\t\t\t\n\t\t\t\t\t\t<div class=\"wcorg-sponsor-description\">\n\t\t\t\t\t\t\t\t\t\t\t\t\t\t\t\t\t\t\t\t\t\t\n\t\t\t\t\t\t\t\t\t\t\t\t\t\t\t<p><a href=\"http:\/\/besttm.ro\" rel=\"nofollow\"><img decoding=\"async\" src=\"https:\/\/2014.romania.wordcamp.org\/files\/2014\/05\/best_timisoara_logo_white.png\" alt=\"\" width=\"210\" class=\"aligncenter size-full wp-image-41886\" \/><\/a><br \/>\nEST Timi\u0219oara este o organiza\u021bie studen\u021beasc\u0103, exist\u00e2nd \u00eenc\u0103 din 1991. Scopul BEST este de a ajuta studen\u0163ii tehnici s\u0103 devin\u0103 mai deschi\u015fi spre Europa printr-o mai bun\u0103 \u00een\u0163elegere a culturilor europene \u015fi dezvoltarea capacit\u0103\u0163ii acestora de a lucra \u00eentr-un mediu interna\u0163ional. Acesta poate fi realizat doar oferindu-le studen\u0163ilor europeni ocazia de a se cunoa\u015fte.<\/p>\n<p>Pentru a ne atinge scopul organiz\u0103m o serie de evenimente academice cum sunt cursurile \u015fi seminariile interna\u0163ionale care dureaz\u0103 1-2 s\u0103pt\u0103m\u00e2ni \u015fi alte evenimente cum sunt competi\u021biile inginere\u0219ti, evenimentele de training, schimburile culturale, s\u0103pt\u0103m\u00e2ni la ski, \u00eent\u00e2lniri interna\u0163ionale cu al\u0163i membri ai organiza\u0163iei.<\/p>\n\t\t\t\t\t\t\t\t\t\t\t\t\t<\/div>\n\t\t\t\t\t<\/div><!-- #sponsor -->\n\t\t\t\t\n\t\t\t\t\t<div id=\"wcorg-sponsor-69194\" class=\"wcorg-sponsor\">\n\t\t\t\t\t\t\t\t\t\t\t\t\t\t\t\t\t\t\t\t\t<h3>\n\t\t\t\t\t\t\t\t\tOSUT\t\t\t\t\t\t\t\t<\/h3>\n\t\t\t\t\t\t\t\t\t\t\t\t\t\n\t\t\t\t\t\t<div class=\"wcorg-sponsor-description\">\n\t\t\t\t\t\t\t\t\t\t\t\t\t\t\t\t\t\t\t\t\t\t\n\t\t\t\t\t\t\t\t\t\t\t\t\t\t\t<p><a href=\"http:\/\/osut.ro\/\" rel=\"nofollow\"><img decoding=\"async\" src=\"https:\/\/2014.romania.wordcamp.org\/files\/2014\/05\/logo-osut-alb.png\" alt=\"\" width=\"210\" class=\"aligncenter size-full wp-image-41886\" \/><\/a><\/p>\n\t\t\t\t\t\t\t\t\t\t\t\t\t<\/div>\n\t\t\t\t\t<\/div><!-- #sponsor -->\n\t\t\t\t\n\t\t\t\t\t<div id=\"wcorg-sponsor-41883\" class=\"wcorg-sponsor\">\n\t\t\t\t\t\t\t\t\t\t\t\t\t\t\t\t\t\t\t\t\t<h3>\n\t\t\t\t\t\t\t\t\tAIESEC Timisoara\t\t\t\t\t\t\t\t<\/h3>\n\t\t\t\t\t\t\t\t\t\t\t\t\t\n\t\t\t\t\t\t<div class=\"wcorg-sponsor-description\">\n\t\t\t\t\t\t\t\t\t\t\t\t\t\t\t\t\t\t\t\t\t\t\n\t\t\t\t\t\t\t\t\t\t\t\t\t\t\t<p><a href=\"http:\/\/aiesectm.ro\/\" rel=\"nofollow\"><img loading=\"lazy\" decoding=\"async\" src=\"https:\/\/2014.romania.wordcamp.org\/files\/2014\/04\/logo@navy.png\" alt=\"logo@navy\" width=\"210\" height=\"83\" class=\"aligncenter size-full wp-image-41886\" \/><\/a><\/p>\n\t\t\t\t\t\t\t\t\t\t\t\t\t<\/div>\n\t\t\t\t\t<\/div><!-- #sponsor -->\n\t\t\t\t\t\t\t<\/div><!-- .wcorg-sponsor-level -->\n\t\t\n\t\t\t<div class=\"wcorg-sponsor-level-wordcamp-champion\">\n\t\t\t\t<h2>WordCamp Champion<\/h2>\n\n\t\t\t\t\n\t\t\t\t\t<div id=\"wcorg-sponsor-18\" class=\"wcorg-sponsor\">\n\t\t\t\t\t\t\t\t\t\t\t\t\t\t\t\t\t\t\t\t\t<h3>\n\t\t\t\t\t\t\t\t\tCode Poet\t\t\t\t\t\t\t\t<\/h3>\n\t\t\t\t\t\t\t\t\t\t\t\t\t\n\t\t\t\t\t\t<div class=\"wcorg-sponsor-description\">\n\t\t\t\t\t\t\t\t\t\t\t\t\t\t\t\t\t\t\t\t\t\t\n\t\t\t\t\t\t\t\t\t\t\t\t\t\t\t<p align=\"center\"><a href=\"http:\/\/codepoet.com\" target=\"_blank\" rel=\"nofollow\"><img loading=\"lazy\" decoding=\"async\" src=\"https:\/\/2014.romania.wordcamp.org\/files\/2014\/03\/Code-Poet-3.png\" alt=\"Code Poet\" width=\"200\" height=\"71\" class=\"alignnone size-full wp-image-37719\" \/><\/a><\/p>\n<p>Code Poet este o resurs\u0103 web pentru cei care folosesc WordPress. Pentru cei care construiesc lucruri pentru alte persoane, noi vrem s\u0103-i ajut\u0103m s\u0103 le simplific\u0103m lucrul. Nu conteaz\u0103 dac\u0103 lucrezi pe cont propriu, freelance, sau faci parte dintr-o echip\u0103\/firm\u0103 mai mare, scopul nostru este s\u0103 devenim prima surs\u0103 de informare \u0219i resurse s\u0103 te ajute s\u0103-\u021bi extinzi abilit\u0103\u021bile \u0219i cuno\u0219tin\u021bele. S\u0103 devii mai bun la ce faci. S\u0103-\u021bi fie mai tot mai u\u0219or s\u0103 reu\u0219e\u0219ti s\u0103 faci acest lucru \u00eentr-un mod foarte pl\u0103cut.<\/p>\n<p>Faci parte dintr-un trib de peste 10,000 de designeri \u0219i dezvoltatori WordPress, r\u0103sp\u00e2ndit pe \u00eentregul glob. <a href=\"http:\/\/codepoet.com\" rel=\"nofollow\">codepoet.com<\/a> i\u0219i propune s\u0103 aduc\u0103 informa\u021bii \u0219i strategiile reale ale acelor oameni \u00eentr-un singur loc, pentru a v\u0103 ajuta.<\/p>\n<p>If you use WordPress to build things for other people, Code Poet wants to make your life easier. No matter whether you freelance on a solo basis, lead a small web shop, make plugins in a dark closet, or crack the whip at a large design firm, Code Poet\u2019s aim is to become your go-to source of information and resources to help you expand your WordPress skills and know-how. To make you better at what you do. To make it easier to make your living and look great doing it.<\/p>\n<p>You\u2019re part of a tribe of WordPress designers and developers over 10,000 strong, spanning the entire globe. <a href=\"http:\/\/codepoet.com\" rel=\"nofollow\">codepoet.com<\/a> aims to bring the working knowledge and real world strategies of those people into one place, for you to tap into.<\/p>\n\t\t\t\t\t\t\t\t\t\t\t\t\t<\/div>\n\t\t\t\t\t<\/div><!-- #sponsor -->\n\t\t\t\t\n\t\t\t\t\t<div id=\"wcorg-sponsor-20\" class=\"wcorg-sponsor\">\n\t\t\t\t\t\t\t\t\t\t\t\t\t\t\t\t\t\t\t\t\t<h3>\n\t\t\t\t\t\t\t\t\tBluehost\t\t\t\t\t\t\t\t<\/h3>\n\t\t\t\t\t\t\t\t\t\t\t\t\t\n\t\t\t\t\t\t<div class=\"wcorg-sponsor-description\">\n\t\t\t\t\t\t\t\t\t\t\t\t\t\t\t\t\t\t\t\t\t\t\n\t\t\t\t\t\t\t\t\t\t\t\t\t\t\t<p align=\"center\"><a href=\"http:\/\/bluehost.com\" rel=\"nofollow\"><img loading=\"lazy\" decoding=\"async\" class=\"alignnone size-full wp-image-37722\" src=\"https:\/\/2014.romania.wordcamp.org\/files\/2014\/03\/sponsor-bluehost.png\" alt=\"bluehost\" width=\"200\" height=\"51\" \/><\/a><\/p>\n<p><a href=\"http:\/\/bluehost.com\" rel=\"nofollow\">Bluehost<\/a> este partner WordPress din 2005 \u0219i sus\u021bine peste 1 milion de site-uri WordPress. Scopul companiei este de a oferi servicii de hosting de cea mai \u00eenalt\u0103 calitate la un pre\u021b c\u00e2t se poate de accesibil. Bluehost inoveaz\u0103 \u0219i actualizeaz\u0103 serviciile sale constant pentru clien\u021bii lor f\u0103r\u0103 costuri suplimentare. Sunte\u021bi invita\u021bi s\u0103 v\u0103 al\u0103tura\u021bi mul\u021bimii de clien\u021bi care au ales Bluehost deja \u0219i convinge\u021bi-v\u0103 pe cont propriu de cum v\u0103 pot ajuta cu g\u0103zduirea web.<\/p>\n<p><a href=\"http:\/\/bluehost.com\" rel=\"nofollow\">Bluehost<\/a> has been a WordPress partner since 2005 and powers over one million WordPress sites. Their goal is to provide outstanding hosting services and customer support for the best possible price. Bluehost is also constantly innovating and upgrading their services and infrastructure at no additional cost to their customers. Join the millions of other website owners that have already chosen Bluehost and see how they can help you with your site.<\/p>\n\t\t\t\t\t\t\t\t\t\t\t\t\t<\/div>\n\t\t\t\t\t<\/div><!-- #sponsor -->\n\t\t\t\t\n\t\t\t\t\t<div id=\"wcorg-sponsor-23\" class=\"wcorg-sponsor\">\n\t\t\t\t\t\t\t\t\t\t\t\t\t\t\t\t\t\t\t\t\t<h3>\n\t\t\t\t\t\t\t\t\t34sp.com\t\t\t\t\t\t\t\t<\/h3>\n\t\t\t\t\t\t\t\t\t\t\t\t\t\n\t\t\t\t\t\t<div class=\"wcorg-sponsor-description\">\n\t\t\t\t\t\t\t\t\t\t\t\t\t\t\t\t\t\t\t\t\t\t\n\t\t\t\t\t\t\t\t\t\t\t\t\t\t\t<p><a href=\"http:\/\/34sp.com\" rel=\"nofollow\"><img loading=\"lazy\" decoding=\"async\" src=\"https:\/\/2014.romania.wordcamp.org\/files\/2014\/03\/34sp.7698-e1397069076168.png\" alt=\"34sp.7698\" width=\"309\" height=\"61\" class=\"aligncenter size-full wp-image-37726\" srcset=\"https:\/\/romania.wordcamp.org\/2014\/files\/2014\/03\/34sp.7698-e1397069076168.png 309w, https:\/\/romania.wordcamp.org\/2014\/files\/2014\/03\/34sp.7698-e1397069076168-300x59.png 300w\" sizes=\"auto, (max-width: 309px) 100vw, 309px\" \/><\/a><\/p>\n<p><a href=\"http:\/\/34sp.com\" rel=\"nofollow\">34SP.com<\/a> este companie specializat\u0103 \u00een web hosting profesional \u0219i \u00eenregistrare de domenii, oferind servicii pentru dezvoltatori web, bloggeri, designeri \u0219i echipe\/firme mici din \u00eentreaga lume. Echipa de exper\u021bi tehnici ai 34SP.com ofer\u0103 suport \u0219i servicii \u00eempreun\u0103 cu o garan\u021bie returnare a banilor pentru a asigura satisfactia clientului. 34SP.com are focus special \u00een hostingul WordPress, sprijinind comunitatea WordPress de cand WordPress a fost ini\u021bial dezvoltat \u0219i lansat \u00een 2003. Compania g\u0103zduie\u0219te \u00een prezent mii de site-uri WordPress \u0219i are sediul principal \u00een centrul ora\u0219ului Manchester, Anglia.<\/p>\n<p><a href=\"http:\/\/34sp.com\" rel=\"nofollow\">34SP.com<\/a> is a professional website hosting and domain name registration company offering services for web developers, bloggers, designers and small businesses throughout the world. The 34SP.com team of technical experts offers support and service coupled with a money-back guarantee to ensure client satisfaction. 34SP.com has particular focus in WordPress hosting, having supported the WordPress community since WordPress was originally developed and launched in 2003. The company currently hosts thousands of WordPress websites and is headquartered in central Manchester, England.<\/p>\n\t\t\t\t\t\t\t\t\t\t\t\t\t<\/div>\n\t\t\t\t\t<\/div><!-- #sponsor -->\n\t\t\t\t\t\t\t<\/div><!-- .wcorg-sponsor-level -->\n\t\t\n\t\t\t<div class=\"wcorg-sponsor-level-wordcamp-accomplice\">\n\t\t\t\t<h2>WordCamp Accomplice<\/h2>\n\n\t\t\t\t\n\t\t\t\t\t<div id=\"wcorg-sponsor-19\" class=\"wcorg-sponsor\">\n\t\t\t\t\t\t\t\t\t\t\t\t\t\t\t\t\t\t\t\t\t<h3>\n\t\t\t\t\t\t\t\t\tWPML\t\t\t\t\t\t\t\t<\/h3>\n\t\t\t\t\t\t\t\t\t\t\t\t\t\n\t\t\t\t\t\t<div class=\"wcorg-sponsor-description\">\n\t\t\t\t\t\t\t\t\t\t\t\t\t\t\t\t\t\t\t\t\t\t\n\t\t\t\t\t\t\t\t\t\t\t\t\t\t\t<p><a href=\"http:\/\/wpml.org\" rel=\"nofollow\"><img loading=\"lazy\" decoding=\"async\" src=\"https:\/\/2014.romania.wordcamp.org\/files\/2014\/03\/wpml_logo.png\" alt=\"wpml_logo\" width=\"265\" height=\"101\" class=\"aligncenter size-full wp-image-37724\" \/><\/a><br \/>\nWPML transform\u0103 site-uri bazate pe WordPress \u00een site-uri \u00een mai multe limbi. Func\u021bioneaz\u0103 bine \u00eempreun\u0103 cu plugin-uri de caching, SEO \u0219i E-Commerce \u0219i permite implementarea complet\u0103 de site-uri \u00een mai multe limbi. WPML st\u0103 la baza unui larg num\u0103r bloguri simple dar \u0219i a multor site-uri corporate \u0219i enterprise.<\/p>\n<p>WPML permite utilizatorilor s\u0103 traduc\u0103 \u00eentreg con\u021binutul site-urilor, inclusiv articole, pagini, meniuri, widget-uri \u0219i chiar \u0219i textele din componen\u021ba plugin-urilor \u0219i temelor. WPML st\u0103 la baza a peste 400,000 de site-uri comerciale din \u00eentreaga lume.<\/p>\n<p>Mai multe informa\u021bii despre cum site-urile pot fi interna\u021bionalizate pot fi g\u0103site la WPML.org<\/p>\n<p>Angaj\u0103m! Dac\u0103 e\u0219ti un programator talentat te a\u0219tept\u0103m s\u0103 ne contactezi aici:<br \/>\n<a href=\"http:\/\/wpml.org\/home\/were-hiring\/\" rel=\"nofollow\">http:\/\/wpml.org\/home\/were-hiring\/<\/a><\/p>\n\t\t\t\t\t\t\t\t\t\t\t\t\t<\/div>\n\t\t\t\t\t<\/div><!-- #sponsor -->\n\t\t\t\t\t\t\t<\/div><!-- .wcorg-sponsor-level -->\n\t\t\n\t\t\t<div class=\"wcorg-sponsor-level-wordcamp-platinum\">\n\t\t\t\t<h2>WordCamp Platinum<\/h2>\n\n\t\t\t\t\n\t\t\t\t\t<div id=\"wcorg-sponsor-69242\" class=\"wcorg-sponsor\">\n\t\t\t\t\t\t\t\t\t\t\t\t\t\t\t\t\t\t\t\t\t<h3>\n\t\t\t\t\t\t\t\t\tCrowd Favorite\t\t\t\t\t\t\t\t<\/h3>\n\t\t\t\t\t\t\t\t\t\t\t\t\t\n\t\t\t\t\t\t<div class=\"wcorg-sponsor-description\">\n\t\t\t\t\t\t\t\t\t\t\t\t\t\t\t\t\t\t\t\t\t\t\n\t\t\t\t\t\t\t\t\t\t\t\t\t\t\t<p><a href=\"http:\/\/crowdfavorite.com\/\" target=\"_blank\" rel=\"nofollow\"><img loading=\"lazy\" decoding=\"async\" src=\"https:\/\/2014.romania.wordcamp.org\/files\/2014\/05\/crowd-favorite-300x67.png\" alt=\"crowd-favorite\" width=\"300\" height=\"67\" class=\"aligncenter size-medium wp-image-69249\" srcset=\"https:\/\/romania.wordcamp.org\/2014\/files\/2014\/05\/crowd-favorite-300x67.png 300w, https:\/\/romania.wordcamp.org\/2014\/files\/2014\/05\/crowd-favorite-500x112.png 500w, https:\/\/romania.wordcamp.org\/2014\/files\/2014\/05\/crowd-favorite.png 600w\" sizes=\"auto, (max-width: 300px) 100vw, 300px\" \/><\/a><br \/>\n<a href=\"http:\/\/crowdfavorite.com\/\" target=\"_blank\" rel=\"nofollow\">Crowd Favorite<\/a> is a premier, boutique professional services firm focused on enterprise-level clients such as National Geographic, Lexus, and DirecTV, Seattle Times, and several major movie studios. A leader in the WordPress community and the first WordPress professional services firm, Crowd Favorite has established offices throughout the US and Europe to deliver large-scale client projects. Crowd Favorite also provides consulting and web development services specializing in web applications and user experience.<\/p>\n\t\t\t\t\t\t\t\t\t\t\t\t\t<\/div>\n\t\t\t\t\t<\/div><!-- #sponsor -->\n\t\t\t\t\t\t\t<\/div><!-- .wcorg-sponsor-level -->\n\t\t\n\t\t\t<div class=\"wcorg-sponsor-level-wordcamp-silver\">\n\t\t\t\t<h2>WordCamp Silver<\/h2>\n\n\t\t\t\t\n\t\t\t\t\t<div id=\"wcorg-sponsor-69256\" class=\"wcorg-sponsor\">\n\t\t\t\t\t\t\t\t\t\t\t\t\t\t\t\t\t\t\t\t\t<h3>\n\t\t\t\t\t\t\t\t\tDream Production\t\t\t\t\t\t\t\t<\/h3>\n\t\t\t\t\t\t\t\t\t\t\t\t\t\n\t\t\t\t\t\t<div class=\"wcorg-sponsor-description\">\n\t\t\t\t\t\t\t\t\t\t\t\t\t\t\t\t\t\t\t\t\t\t\n\t\t\t\t\t\t\t\t\t\t\t\t\t\t\t<p><a href=\"http:\/\/dreamproduction.com\/\" target=\"_blank\" rel=\"nofollow\"><img loading=\"lazy\" decoding=\"async\" src=\"https:\/\/2014.romania.wordcamp.org\/files\/2014\/05\/Dream-Production-Logo-WordCamp-300x236.jpg\" alt=\"Dream Production Logo WordCamp\" width=\"300\" height=\"236\" class=\"aligncenter size-medium wp-image-69257\" srcset=\"https:\/\/romania.wordcamp.org\/2014\/files\/2014\/05\/Dream-Production-Logo-WordCamp-300x236.jpg 300w, https:\/\/romania.wordcamp.org\/2014\/files\/2014\/05\/Dream-Production-Logo-WordCamp.jpg 352w\" sizes=\"auto, (max-width: 300px) 100vw, 300px\" \/><\/a><br \/>\n<a href=\"http:\/\/dreamproduction.com\/\" target=\"_blank\" rel=\"nofollow\">Dream Production<\/a> is a WordPress company at heart. We specialize in providing custom WordPress consultancy and development services to businesses ranging from small respectable companies to corporate clients. Dream Production currently operates from two offices in Europe. The branch office in Timisoara, Romania, caters to clients in Europe, North America, and Asia, while the branch office in Zurich, Switzerland, handles operations for the German speaking market in Switzerland, Germany, and Austria.<\/p>\n<p>We are proud to have been promoting WordPress solutions and the WordPress spirit ever since 2008 when we started out in the WordPress community in Romania<\/p>\n\t\t\t\t\t\t\t\t\t\t\t\t\t<\/div>\n\t\t\t\t\t<\/div><!-- #sponsor -->\n\t\t\t\t\n\t\t\t\t\t<div id=\"wcorg-sponsor-69227\" class=\"wcorg-sponsor\">\n\t\t\t\t\t\t\t\t\t\t\t\t\t\t\t\t\t\t\t\t\t<h3>\n\t\t\t\t\t\t\t\t\tWholegrain Digital\t\t\t\t\t\t\t\t<\/h3>\n\t\t\t\t\t\t\t\t\t\t\t\t\t\n\t\t\t\t\t\t<div class=\"wcorg-sponsor-description\">\n\t\t\t\t\t\t\t\t\t\t\t\t\t\t\t\t\t\t\t\t\t\t\n\t\t\t\t\t\t\t\t\t\t\t\t\t\t\t<p><a href=\"http:\/\/www.wholegraindigital.com\/\" target=\"_blank\" rel=\"nofollow\"><img loading=\"lazy\" decoding=\"async\" src=\"https:\/\/2014.romania.wordcamp.org\/files\/2014\/05\/logo-medium-white-300x163.png\" alt=\"logo-medium-white\" width=\"300\" height=\"163\" class=\"aligncenter size-medium wp-image-69228\" srcset=\"https:\/\/romania.wordcamp.org\/2014\/files\/2014\/05\/logo-medium-white-300x163.png 300w, https:\/\/romania.wordcamp.org\/2014\/files\/2014\/05\/logo-medium-white.png 373w\" sizes=\"auto, (max-width: 300px) 100vw, 300px\" \/><\/a><\/p>\n<p><a href=\"http:\/\/www.wholegraindigital.com\/\" rel=\"nofollow\">Wholegrain Digital<\/a> is a web design and development agency specialising exclusively in WordPress.  Headquartered in London and with our core development team in Romania, Wholegrain work with corporate users of WordPress such as Marks &amp; Spencer, Water Aid and DotMailer to design, build and maintain custom WordPress themes and plugins.  We are passionate about doing great work for good people and are always looking for talented, motivated and positive individuals to join our team as designers and developers. <\/p>\n<p><a href=\"http:\/\/www.wholegraindigital.com\/\" rel=\"nofollow\">Wholegrain Digital<\/a> este o agen\u021bie de web design \u0219i dezvoltare specializat\u0103 exclusiv \u00een WordPress. Av\u00e2nd sediul \u00een Londra \u0219i echipa de baz\u0103 de dezvoltare \u00een Rom\u00e2nia, Wholegrain lucreaz\u0103 cu corpora\u021bii WordPress precum Marks &amp; Spencer, Water Aid \u0219i DotMailer pentru design, dezvoltare \u0219i mentenan\u021b\u0103 a temelor \u0219i pluginurilor WordPress. Suntem pasiona\u021bi \u00een a construi realiz\u0103ri deosebite pentru oameni deosebi\u021bi \u0219i c\u0103ut\u0103m oameni talenta\u021bi, motiva\u021bi \u0219i pozitivi pentru a ni se al\u0103tura ca designeri \u0219i dezvoltatori. <\/p>\n\t\t\t\t\t\t\t\t\t\t\t\t\t<\/div>\n\t\t\t\t\t<\/div><!-- #sponsor -->\n\t\t\t\t\n\t\t\t\t\t<div id=\"wcorg-sponsor-69236\" class=\"wcorg-sponsor\">\n\t\t\t\t\t\t\t\t\t\t\t\t\t\t\t\t\t\t\t\t\t<h3>\n\t\t\t\t\t\t\t\t\tCozmosLabs\t\t\t\t\t\t\t\t<\/h3>\n\t\t\t\t\t\t\t\t\t\t\t\t\t\n\t\t\t\t\t\t<div class=\"wcorg-sponsor-description\">\n\t\t\t\t\t\t\t\t\t\t\t\t\t\t\t\t\t\t\t\t\t\t\n\t\t\t\t\t\t\t\t\t\t\t\t\t\t\t<p><a href=\"http:\/\/www.cozmoslabs.com\/\" target=\"_blank\" rel=\"nofollow\"><img decoding=\"async\" src=\"https:\/\/2014.romania.wordcamp.org\/files\/2014\/05\/cozmoslabs_logo.png\" alt=\"\" width=\"210\" class=\"aligncenter size-full wp-image-41886\" \/><\/a><br \/>\nEver needed to allow login and registration from the front-end in WordPress? Or perhaps to create custom fields and custom post types fast?<br \/>\nWouldn&#8217;t it be nice to stop searching Google about &#8220;how to&#8221; build features and focus instead on making the client&#8217;s landing page convert better?<br \/>\nWith <a href=\"http:\/\/www.cozmoslabs.com\/wordpress-profile-builder\/?utm_source=wordcamp&amp;utm_medium=website&amp;utm_campaign=pb\" rel=\"nofollow\">Profile Builder<\/a> and <a href=\"http:\/\/www.cozmoslabs.com\/wck-custom-fields-custom-post-types-plugin\/?utm_source=wordcamp&amp;utm_medium=website&amp;utm_campaign=wck\" rel=\"nofollow\">WordPress Creation Kit<\/a> you can quickly extend WordPress and spend the rest of the time arguing with the client for more money!<br \/>\nCozmosLabs is backed up by a <a target=\"_blank\" href=\"http:\/\/www.cozmoslabs.com\/team\/\" rel=\"nofollow\">cool team of people<\/a>, who really fancy WordPress, and constantly push themselves to build amazing things with it.<\/p>\n\t\t\t\t\t\t\t\t\t\t\t\t\t<\/div>\n\t\t\t\t\t<\/div><!-- #sponsor -->\n\t\t\t\t\t\t\t<\/div><!-- .wcorg-sponsor-level -->\n\t\t\n\t\t\t<div class=\"wcorg-sponsor-level-parteneri\">\n\t\t\t\t<h2>Parteneri<\/h2>\n\n\t\t\t\t\n\t\t\t\t\t<div id=\"wcorg-sponsor-69130\" class=\"wcorg-sponsor\">\n\t\t\t\t\t\t\t\t\t\t\t\t\t\t\t\t\t\t\t\t\t<h3>\n\t\t\t\t\t\t\t\t\tHostel Costel\t\t\t\t\t\t\t\t<\/h3>\n\t\t\t\t\t\t\t\t\t\t\t\t\t\n\t\t\t\t\t\t<div class=\"wcorg-sponsor-description\">\n\t\t\t\t\t\t\t\t\t\t\t\t\t\t\t\t\t\t\t\t\t\t\n\t\t\t\t\t\t\t\t\t\t\t\t\t\t\t<p><a href=\"http:\/\/www.hostel-costel.ro\/\" rel=\"nofollow\"><img decoding=\"async\" src=\"https:\/\/2014.romania.wordcamp.org\/files\/2014\/05\/hostel_costel_logo.png\" alt=\"\" width=\"210\" class=\"aligncenter size-full wp-image-41886\" \/><\/a><\/p>\n\t\t\t\t\t\t\t\t\t\t\t\t\t<\/div>\n\t\t\t\t\t<\/div><!-- #sponsor -->\n\t\t\t\t\n\t\t\t\t\t<div id=\"wcorg-sponsor-69128\" class=\"wcorg-sponsor\">\n\t\t\t\t\t\t\t\t\t\t\t\t\t\t\t\t\t\t\t\t\t<h3>\n\t\t\t\t\t\t\t\t\tPRbeta\t\t\t\t\t\t\t\t<\/h3>\n\t\t\t\t\t\t\t\t\t\t\t\t\t\n\t\t\t\t\t\t<div class=\"wcorg-sponsor-description\">\n\t\t\t\t\t\t\t\t\t\t\t\t\t\t\t\t\t\t\t\t\t\t\n\t\t\t\t\t\t\t\t\t\t\t\t\t\t\t<p><a href=\"http:\/\/prbeta.ro\/\" rel=\"nofollow\"><img decoding=\"async\" src=\"https:\/\/2014.romania.wordcamp.org\/files\/2014\/05\/pr-beta-logo-transparent.png\" alt=\"\" width=\"210\" class=\"aligncenter size-full wp-image-41886\" \/><\/a><\/p>\n\t\t\t\t\t\t\t\t\t\t\t\t\t<\/div>\n\t\t\t\t\t<\/div><!-- #sponsor -->\n\t\t\t\t\n\t\t\t\t\t<div id=\"wcorg-sponsor-43200\" class=\"wcorg-sponsor\">\n\t\t\t\t\t\t\t\t\t\t\t\t\t\t\t\t\t\t\t\t\t<h3>\n\t\t\t\t\t\t\t\t\tPressLabs\t\t\t\t\t\t\t\t<\/h3>\n\t\t\t\t\t\t\t\t\t\t\t\t\t\n\t\t\t\t\t\t<div class=\"wcorg-sponsor-description\">\n\t\t\t\t\t\t\t\t\t\t\t\t\t\t\t\t\t\t\t\t\t\t\n\t\t\t\t\t\t\t\t\t\t\t\t\t\t\t<p><a href=\"http:\/\/www.presslabs.com\/\" target=\"blank\" rel=\"nofollow\"><img loading=\"lazy\" decoding=\"async\" src=\"https:\/\/2014.romania.wordcamp.org\/files\/2014\/04\/logo_header.png\" alt=\"logo_header\" width=\"220\" height=\"93\" class=\"aligncenter size-full wp-image-43201\" \/><\/a><br \/>\n<a href=\"http:\/\/www.presslabs.com\/\" target=\"blank\" rel=\"nofollow\">PressLabs<\/a> provides elite WordPress hosting services for publishers around the world, with impressive support and web performance optimisation.<br \/>\nPressLabs is headquartered in Timisoara, Romania, and is operating equipment in 12 data centers around the world. Started out in 2009 as a part of a web development studio, it got incorporated in 2011 and received angel investment to innovate for publishers.<\/p>\n\t\t\t\t\t\t\t\t\t\t\t\t\t<\/div>\n\t\t\t\t\t<\/div><!-- #sponsor -->\n\t\t\t\t\t\t\t<\/div><!-- .wcorg-sponsor-level -->\n\t\t\t<\/div><!-- .wcorg-sponsors -->\n\n\t\n<h3>Interested in sponsoring WordCamp this year?<\/h3>\n<p>Check out our <a href='https:\/\/2014.romania.wordcamp.org\/implica-te\/participa-ca-sponsor\/' rel=\"nofollow\">Call for Sponsors<\/a> post for details on how you can help make this year&#8217;s WordCamp the best it can be!<\/p>\n","protected":false},"excerpt":{"rendered":"<p>Interested in sponsoring WordCamp this year? Check out our Call for Sponsors post for details on how you can help make this year&#8217;s WordCamp the best it can be!<\/p>\n","protected":false},"author":13723373,"featured_media":0,"parent":0,"menu_order":7,"comment_status":"closed","ping_status":"closed","template":"","meta":{"jetpack_post_was_ever_published":false,"footnotes":""},"class_list":["post-4","page","type-page","status-publish","hentry"],"jetpack_sharing_enabled":true,"_links":{"self":[{"href":"https:\/\/romania.wordcamp.org\/2014\/wp-json\/wp\/v2\/pages\/4","targetHints":{"allow":["GET"]}}],"collection":[{"href":"https:\/\/romania.wordcamp.org\/2014\/wp-json\/wp\/v2\/pages"}],"about":[{"href":"https:\/\/romania.wordcamp.org\/2014\/wp-json\/wp\/v2\/types\/page"}],"author":[{"embeddable":true,"href":"https:\/\/romania.wordcamp.org\/2014\/wp-json\/wp\/v2\/users\/13723373"}],"replies":[{"embeddable":true,"href":"https:\/\/romania.wordcamp.org\/2014\/wp-json\/wp\/v2\/comments?post=4"}],"version-history":[{"count":4,"href":"https:\/\/romania.wordcamp.org\/2014\/wp-json\/wp\/v2\/pages\/4\/revisions"}],"predecessor-version":[{"id":69029,"href":"https:\/\/romania.wordcamp.org\/2014\/wp-json\/wp\/v2\/pages\/4\/revisions\/69029"}],"wp:attachment":[{"href":"https:\/\/romania.wordcamp.org\/2014\/wp-json\/wp\/v2\/media?parent=4"}],"curies":[{"name":"wp","href":"https:\/\/api.w.org\/{rel}","templated":true}]}}