{"id":37987,"date":"2014-04-09T19:41:20","date_gmt":"2014-04-09T19:41:20","guid":{"rendered":"https:\/\/2014.romania.wordcamp.org\/?page_id=37987"},"modified":"2014-05-30T14:46:27","modified_gmt":"2014-05-30T14:46:27","slug":"participa-ca-sponsor","status":"publish","type":"page","link":"https:\/\/romania.wordcamp.org\/2014\/implica-te\/participa-ca-sponsor\/","title":{"rendered":"Particip\u0103 ca sponsor"},"content":{"rendered":"<p>\u00cen ideea de a \u021bine redus costul biletului pentru to\u021bi participan\u021bii, suntem \u00een c\u0103utare de sponsori pentru a face WordCamp parte din aceast\u0103 \u00eenfloritoare comunitate open-source. Am construit urmatoarele pachete:<\/p>\n<p><b>Platinum \u2013 750$<\/b><br \/>\n&#8211; Logo de dimensiune mare \u0219i link c\u0103tre site-ul sponsorului prezent pe site-ul evenimentului<br \/>\n&#8211; Articol cu detalii despre sponsor pe site<br \/>\n&#8211; Logo de dimensiune mare prezent pe toate materialele imprimate<br \/>\n&#8211; Logo prezent pe paginile de Twitter \u0219i Facebook ale evenimentului<br \/>\n&#8211; Prezen\u021ba \u00een tweet-ul ce mul\u021bume\u0219te sponsorilor pentru suportul acordat<br \/>\n&#8211; Oportunitatea de a introduce materiale \u00een mapa participan\u021bilor<br \/>\n&#8211; 5 bilete gratuite <\/p>\n<p><b>Gold \u2013 500$<\/b><br \/>\n&#8211; Logo de dimensiune medie \u0219i link c\u0103tre site-ul sponsorului prezent pe site-ul evenimentului<br \/>\n&#8211; Articol cu detalii despre sponsor pe site<br \/>\n&#8211; Logo de dimensiune medie prezent pe toate materialele imprimate<br \/>\n&#8211; Logo prezent pe paginile de Twitter \u0219i Facebook ale evenimentului<br \/>\n&#8211; Prezen\u021ba \u00een tweet-ul ce mul\u021bume\u0219te sponsorilor pentru suportul acordat<br \/>\n&#8211; 3 bilete gratuite <\/p>\n<p><b>Silver \u2013 300$<\/b><br \/>\n&#8211; Logo de dimensiune mic\u0103 \u0219i link c\u0103tre site-ul sponsorului prezent pe site-ul evenimentului<br \/>\n&#8211; Articol cu detalii despre sponsor pe site<br \/>\n&#8211; Prezen\u021ba \u00een tweet-ul ce mul\u021bume\u0219te sponsorilor pentru suportul acordat<br \/>\n&#8211; 2 bilete gratuite <\/p>\n<p><!--\nBecome a Sponsor\n\nSponsoring WordCamp Charleston (WCCHS) is a great opportunity to demonstrate your support for the WordPress community. Our attendees will include designers, developers, bloggers, small business owners, entrepreneurs, and educators from throughout South Carolina, and across the country, and we\u2019re only selling 250 tickets!\n\nIn order to drive costs down for our attendees, we look to sponsors to help make WordCamp part of this thriving open-source community.  Please review the following sponsorship levels, as well as the involvement guidelines.\n\nIf you\u2019re interested in additional options, don\u2019t hesitate to get in touch.\nSponsorship Levels and Benefits\nGold | $500\n\nNivelul de sponsorizare Gold, The Gold sponsorship ensures that costs stay low for participants by offsetting many of the large costs involved in putting on a conference. Benefits of this level include:\nse asigur\u0103 c\u0103 costurile r\u0103m\u00e2ne redus pentru participan\u021bi, prin compensarea multe din costurile mari implicate \u00een a pune pe o conferin\u021b\u0103. Beneficiile acest nivel includ:\n\n    Logo de dimensiune mare si link catre site-ul sponsorului prezent pe site-ul evenimentului\n    Articol cu detalii despre sponsor pe site\n    Logo de dimensiune mare prezent pe toate materialele imprimate\n    Logo prezent pe paginile de Twitter si Facebook a evenimentului\n    Prezenta in tweet-ul ce multumeste sponsorilor pentru suportul acordat  \n    Oportunitatea de a introduce materiale in mapa participantilor\n    3 bilete gratuite\n\nSilver | $250\n\nWhether your business relies on WordPress or you\u2019re an active part of the WordPress community, you can show your support as a Silver Sponsor. Benefits of this level include:\n\n    Logo de dimensiune medie si link catre site-ul sponsorului prezent pe site-ul evenimentului\n    Logo de dimensiune medie prezent pe toate materialele imprimate\n    Logo prezent pe paginile de Twitter si Facebook a evenimentului\n    Prezenta in tweet-ul ce multumeste sponsorilor pentru suportul acordat  \n    Articol cu detalii despre sponsor pe site\n    Oportunitatea de a introduce materiale in mapa participantilor\n    2 bilete gratuite\n\nBronze | $100\n\nA great way for local businesses and individuals to make a meaningful contribution to WordCamp Charleston but not break the bank while doing so. Benefits of this level include:\n\n    Logo de dimnesiuni mici si link catre site-ul sponsorului prezent pe site-ul evenimentului\n    Articol cu detalii despre sponsor pe site\n    1 bilet gratuit\n\n\nIn-Kind\n\n    Same benefits as equal trade value\n\nRequests for more sponsorship information or related questions can be forwarded to charleston@wordcamp.org.\nSponsorship Requests\nContact Name(required)\nCompany Name(required)\nEmail(required)\nPhone Number\nSponsorship Level(required)\nWhy Would you Like to Sponsor WordCamp?(required)\nQuestions \/ Comments\n\n\n\n-\nv\nSponsorship Levels\n\nIn-Kind Donations are always appreciated. It may be that you can directly provide the services we need, (such as supplies, printing, food &amp; drink for attendees, printed T-shirts, printing, event insurance, photography, videography, weekend loans of a\/v and computer equipment, etc.) or it may be you\u2019d just like to support a particular area by paying for that or arranging a great price through your contacts. Please let us know your ideas and we\u2019ll try to work with you.\n\nCash Donations allow us the flexibility to use the money where they\u2019re most needed. Just let us know which level best fits your budget. (If you making an in-kind donation, please let us know the cash equivalent so we can match you to the appropriate level of donor.)\nSmall Business \u2014 $250\n\n    1 ticket to WordCamp\n    Name, logo and company description\/blurb on WordCamp website\n    Inclusion in tweet thanking all WordCamp Small Business Sponsors\n    Inclusion in blog post thanking all WordCamp Sponsors\n    Verbal acknowledgement at conference\n\nBronze \u2014 $500\n\n    2 tickets to WordCamp\n    Name, logo and company description\/blurb on WordCamp website\n    Inclusion in tweet thanking all WordCamp Bronze Sponsors\n    Inclusion in blog post thanking all WordCamp Sponsors\n    Verbal acknowledgement at conference\n\nSilver \u2014 $750\n\n    3 tickets to WordCamp\n    Name, logo and company description\/blurb on WordCamp website\n    Inclusion in tweet thanking all WordCamp Silver Sponsors\n    Inclusion in blog post thanking all WordCamp Sponsors\n    Verbal acknowledgement at conference\n    Logo on programs and any between-session slideshows\n\nGold \u2014 $1,000\n\n    4 tickets to WordCamp\n    Name, logo and company description\/blurb on WordCamp website\n    Inclusion in tweet thanking all WordCamp Gold Sponsors\n    Inclusion in blog post thanking all WordCamp Sponsors\n    Verbal acknowledgement at conference\n    Logo on programs and any between-session slideshows\n\nIf your company is interested in sponsoring the 2014 Asheville WordCamp please complete the form for consideration. A member of our team will contact you.\n2014 Sponsorship Application\n* Required\n\n    Company Name\n    Contact Name *\n    Email *\n    Phone\n    Company Bio\n    Why do you want to sponsor WordCamp?\n    Will you or your team be attending WordCamp?\n        Yes\n        No\n        Undecided \n    If yes, how many?\n    Which level of sponsorship are you interested in? *\n        Gold ($1,000)\n        Silver ($750)\n        Bronze ($500)\n        Small Business ($250) \n-\n--><\/p>\n","protected":false},"excerpt":{"rendered":"<p>\u00cen ideea de a \u021bine redus costul biletului pentru to\u021bi participan\u021bii, suntem \u00een c\u0103utare de sponsori pentru a face WordCamp parte din aceast\u0103 \u00eenfloritoare comunitate open-source. Am construit urmatoarele pachete: Platinum \u2013 750$ &#8211; Logo de dimensiune mare \u0219i link c\u0103tre site-ul sponsorului prezent pe site-ul evenimentului &#8211; Articol cu detalii despre sponsor pe site &hellip; <a href=\"https:\/\/romania.wordcamp.org\/2014\/implica-te\/participa-ca-sponsor\/\" class=\"more-link\">Continue reading <span class=\"screen-reader-text\">Particip\u0103 ca sponsor<\/span> <span class=\"meta-nav\">&rarr;<\/span><\/a><\/p>\n","protected":false},"author":13723373,"featured_media":0,"parent":37983,"menu_order":0,"comment_status":"closed","ping_status":"closed","template":"","meta":{"jetpack_post_was_ever_published":false,"footnotes":""},"class_list":["post-37987","page","type-page","status-publish","hentry"],"jetpack_sharing_enabled":true,"_links":{"self":[{"href":"https:\/\/romania.wordcamp.org\/2014\/wp-json\/wp\/v2\/pages\/37987","targetHints":{"allow":["GET"]}}],"collection":[{"href":"https:\/\/romania.wordcamp.org\/2014\/wp-json\/wp\/v2\/pages"}],"about":[{"href":"https:\/\/romania.wordcamp.org\/2014\/wp-json\/wp\/v2\/types\/page"}],"author":[{"embeddable":true,"href":"https:\/\/romania.wordcamp.org\/2014\/wp-json\/wp\/v2\/users\/13723373"}],"replies":[{"embeddable":true,"href":"https:\/\/romania.wordcamp.org\/2014\/wp-json\/wp\/v2\/comments?post=37987"}],"version-history":[{"count":12,"href":"https:\/\/romania.wordcamp.org\/2014\/wp-json\/wp\/v2\/pages\/37987\/revisions"}],"predecessor-version":[{"id":69350,"href":"https:\/\/romania.wordcamp.org\/2014\/wp-json\/wp\/v2\/pages\/37987\/revisions\/69350"}],"up":[{"embeddable":true,"href":"https:\/\/romania.wordcamp.org\/2014\/wp-json\/wp\/v2\/pages\/37983"}],"wp:attachment":[{"href":"https:\/\/romania.wordcamp.org\/2014\/wp-json\/wp\/v2\/media?parent=37987"}],"curies":[{"name":"wp","href":"https:\/\/api.w.org\/{rel}","templated":true}]}}