{"id":37985,"date":"2014-04-09T19:40:52","date_gmt":"2014-04-09T19:40:52","guid":{"rendered":"https:\/\/2014.romania.wordcamp.org\/?page_id=37985"},"modified":"2014-06-10T12:12:58","modified_gmt":"2014-06-10T12:12:58","slug":"participa-ca-speaker","status":"publish","type":"page","link":"https:\/\/romania.wordcamp.org\/2014\/implica-te\/participa-ca-speaker\/","title":{"rendered":"Particip\u0103 ca speaker"},"content":{"rendered":"<p> Termenul de aplicare a trecut. Mul\u021bumim celor ce au aplicat \u0219i \u00een cur\u00e2nd o s\u0103 avem plublicat\u0103 lista complet\u0103 a <a href=\"https:\/\/2014.romania.wordcamp.org\/speakers\/\">Speakerilor<\/a>  precum \u0219i <a href=\"https:\/\/2014.romania.wordcamp.org\/program\/\">Programul<\/a> complet al evenimentului. <\/p>\n","protected":false},"excerpt":{"rendered":"<p>Termenul de aplicare a trecut. Mul\u021bumim celor ce au aplicat \u0219i \u00een cur\u00e2nd o s\u0103 avem plublicat\u0103 lista complet\u0103 a Speakerilor precum \u0219i Programul complet al evenimentului.<\/p>\n","protected":false},"author":13723373,"featured_media":0,"parent":37983,"menu_order":0,"comment_status":"closed","ping_status":"closed","template":"","meta":{"jetpack_post_was_ever_published":false,"footnotes":""},"class_list":["post-37985","page","type-page","status-publish","hentry"],"jetpack_sharing_enabled":true,"_links":{"self":[{"href":"https:\/\/romania.wordcamp.org\/2014\/wp-json\/wp\/v2\/pages\/37985","targetHints":{"allow":["GET"]}}],"collection":[{"href":"https:\/\/romania.wordcamp.org\/2014\/wp-json\/wp\/v2\/pages"}],"about":[{"href":"https:\/\/romania.wordcamp.org\/2014\/wp-json\/wp\/v2\/types\/page"}],"author":[{"embeddable":true,"href":"https:\/\/romania.wordcamp.org\/2014\/wp-json\/wp\/v2\/users\/13723373"}],"replies":[{"embeddable":true,"href":"https:\/\/romania.wordcamp.org\/2014\/wp-json\/wp\/v2\/comments?post=37985"}],"version-history":[{"count":35,"href":"https:\/\/romania.wordcamp.org\/2014\/wp-json\/wp\/v2\/pages\/37985\/revisions"}],"predecessor-version":[{"id":69428,"href":"https:\/\/romania.wordcamp.org\/2014\/wp-json\/wp\/v2\/pages\/37985\/revisions\/69428"}],"up":[{"embeddable":true,"href":"https:\/\/romania.wordcamp.org\/2014\/wp-json\/wp\/v2\/pages\/37983"}],"wp:attachment":[{"href":"https:\/\/romania.wordcamp.org\/2014\/wp-json\/wp\/v2\/media?parent=37985"}],"curies":[{"name":"wp","href":"https:\/\/api.w.org\/{rel}","templated":true}]}}